*w + 5. Let n = -8 - -3. Let t be u(n). Suppose -b - 3*b = -8. Calculate the highest common divisor of t and b.
2
Let h(k) = -k**2 - 16*k - 17. Let n be h(-11). Calculate the greatest common divisor of 19 and n.
19
Suppose -5*l + 3*t - 6*t = -147, -1 = t. What is the greatest common factor of 170 and l?
10
Let r(z) = z**3 + 7*z**2 - 7*z - 11. Let h be r(-4). Calculate the highest common factor of h and 715.
65
Let j = -138 + 172. Calculate the greatest common divisor of 136 and j.
34
Let y = 445 + -425. What is the highest common divisor of y and 16?
4
Let l be (-1)/((-18)/(-4)) - 87/(-27). Suppose 4*z - 2*j - 78 = 0, l*z + 4*j = 4*z - 16. Calculate the highest common divisor of z and 180.
20
Let j = 42 - 40. Let o(w) = 14*w**2 - 5*w. Let t be o(j). Calculate the highest common divisor of 69 and t.
23
Let m = 685 - 661. What is the greatest common factor of m and 72?
24
Suppose -5*j + i = -21, 2*j + 2*j - 3*i - 8 = 0. Suppose 5*p = r + 69, j*r = 6*p - 2*p - 72. What is the greatest common factor of 104 and p?
13
Let m(a) = a**3 + 7*a**2 - 3. Suppose 36 = -10*p + p. Let b be m(p). What is the greatest common factor of 5 and b?
5
Suppose 0 = 7*m - 5*m - 8. Suppose -3*x + m*x = 15. What is the greatest common factor of 5 and x?
5
Suppose -t - 8 = 2*t + 2*x, -4 = -t + x. Suppose 5*n + 20 = -5*j, 2*n + 2*n - 4 = t. Let g be 2/(20/(-18))*j. Calculate the highest common factor of 6 and g.
3
Suppose 4*q = 4*r + 280, 252 = 3*q + q + 3*r. Calculate the highest common divisor of 12 and q.
6
Let y be (10/2 - 5)/(1/1). Let f be 0 + (-2 - y) + (18 - 9). Let v be (-58)/(-8) + 1/(-4). What is the greatest common divisor of v and f?
7
Let r = 2998 - 2502. Calculate the highest common divisor of r and 16.
16
Let j = 50 - 24. Suppose 3*v - 1023 = -5*o + 32, 2*o + 3*v = 431. What is the greatest common factor of o and j?
26
Suppose 5*y - 311 = 4*v, 0 = y + 6*v - 2*v - 67. Let o = y + -8. What is the greatest common divisor of 11 and o?
11
Suppose -539 = 15*r - 22*r. What is the greatest common factor of 33 and r?
11
Suppose 131 + 13 = 9*x. Suppose -2*a + 12 = -4*a. Let c(h) = h**2 + 3*h + 6. Let s be c(a). Calculate the greatest common factor of s and x.
8
Suppose 0 = -d - 9 - 2. Let b = d - -56. Suppose 0*r = -3*r + 90. What is the greatest common divisor of b and r?
15
Suppose 21*d = 12*d + 1116. Let i = d - 49. Calculate the greatest common divisor of i and 50.
25
Let p = 543 - 539. Let f(m) = m**3 + 4*m**2 + 2*m + 2. Let h be f(-3). Suppose -h*c - p = -7*c. Calculate the highest common factor of c and 5.
1
Suppose 0 = -u - b + 21, 2*b = u + 2*u - 88. Let n be 33 + (-4)/(-2) + 4. What is the highest common factor of u and n?
13
Suppose -5*m = -3*t - 37, 3 = -2*m - 4*t - 3. Suppose 0 = 2*p - 0*r - 2*r - 14, r + 23 = m*p. Calculate the highest common factor of p and 8.
4
Suppose 79 = 2*n - 89. Suppose w - n = -w. What is the greatest common divisor of 63 and w?
21
Let j(s) = 5*s - 161. Let n be j(33). What is the highest common factor of 11 and n?
1
Let g(r) be the third derivative of 1/12*r**4 + r**2 - 1/3*r**3 + 0*r + 0. Let i be g(5). Calculate the highest common divisor of 88 and i.
8
Suppose 0 = -3*z + 8*z - 260. Let o = z + -44. Calculate the greatest common divisor of 72 and o.
8
Suppose -3*s - 27 = 6. Let p(o) = o + 39. Let g be p(s). What is the greatest common factor of 28 and g?
28
Let c = -2273 - -2322. Calculate the highest common divisor of 56 and c.
7
Suppose v - 12 = -3*v + o, v = 5*o + 3. Suppose -v*s = 2*s - 120. Let d = 12 - 4. Calculate the greatest common divisor of d and s.
8
Let b(y) = 228*y + 75. Let f be b(3). Calculate the greatest common divisor of f and 23.
23
Let w(t) = -t**3 - 6*t**2 + 9*t + 10. Let j be (-11 - -2) + 3 + -1. Let f be w(j). Let m = f + 16. Calculate the highest common divisor of m and 96.
12
Let f(j) be the third derivative of -j**5/60 + j**4/4 + 2*j**2. Let k be f(6). Suppose 7*d - 2*d - 240 = k. What is the highest common divisor of 6 and d?
6
Suppose -l - 42 = -5*w, -3*w - 10 = -4*w + l. Suppose w*p - 276 - 28 = 0. What is the greatest common factor of 95 and p?
19
Let o = -42 - -58. Suppose -3*x + 4*j = -540, -3*j + 213 = -5*x + 1102. What is the highest common divisor of x and o?
16
Let b be (-4 + 34)*(-8)/(-20). Let o(p) = -5*p + 2. Let s be o(-2). What is the highest common factor of b and s?
12
Suppose -2073 - 1131 = -2*t. What is the highest common factor of 18 and t?
18
Let v be 42/4*1368/21. Calculate the greatest common divisor of v and 12.
12
Let m(h) = -h**3 + 14*h**2 + 3. Let j be m(14). Suppose 5*n = 3*a + 373, j - 11 = -2*a. What is the greatest common factor of n and 11?
11
Let k(i) = -i**3 - 7*i**2 - 8*i + 2. Let t be k(-6). Let x be 120/(-9)*42/(-2). Suppose -3*m = 2*m - x. What is the greatest common factor of t and m?
14
Suppose 38 = -6*h - 52. Let w be (h/(-4))/((-6)/(-16)). Calculate the greatest common divisor of w and 110.
10
Suppose 0 = -4*t + 5*u + 407, 3*t + 0*u - 4*u = 304. Let a = t + -95. What is the highest common factor of a and 169?
13
Suppose -y = 5*i - 43, -1 + 7 = 2*i. Let l be 286/(-33)*6/(-4). Suppose -15 = -2*c + l. Calculate the highest common factor of c and y.
14
Let b = 25 - -227. What is the highest common divisor of b and 28?
28
Let l(i) = -i**3 + 9*i**2 + 13*i - 18. Let w be l(10). Calculate the greatest common divisor of 30 and w.
6
Let n be ((-7042)/(-49) - -6) + 2/7. Let j = n + -69. Suppose 8*u = 3*u + 45. Calculate the highest common divisor of u and j.
9
Suppose -72 = -5*f + 13. Let l = f - 12. Suppose 3*p - 76 = -2*n - 0*p, 0 = -p + 2. Calculate the highest common divisor of n and l.
5
Suppose -u + 5*v = -9, -2*v = 5*u - 6*v - 24. Calculate the greatest common factor of 124 and u.
4
Let h be 194/4 + (-15)/(-10). Let r = -49 + 53. Suppose -5*o + 150 = -3*o + r*x, 5*x = 2*o - 150. What is the greatest common divisor of o and h?
25
Let o = 16 - -4. Let q(f) = -f**3 - 22*f**2 - 21*f + 22. Let s be q(-21). Let x be (-27 + s)/(1/(-36)). What is the greatest common divisor of x and o?
20
Let l = -43 - -119. Let k = l - 53. What is the greatest common factor of 69 and k?
23
Suppose 7 = -5*o + 17. Let b be (-1)/((0 - o)/198). Let c(a) = 3*a**2 + 2*a + 3. Let m be c(-2). What is the highest common factor of m and b?
11
Let n be 2037/84 - (-3 - (-39)/12). Calculate the greatest common factor of 174 and n.
6
Let v = -320 - -488. Calculate the greatest common divisor of 24 and v.
24
Suppose -3*n + 51 = -3. Suppose -5*c - 4*j + 10 = 0, -j + 2*j + 5 = 0. Let f be -6*2/(-8)*8/c. Calculate the greatest common divisor of n and f.
2
Let s(d) = -34*d - 104. Let w be s(-4). What is the greatest common factor of 108 and w?
4
Let g(b) = -3*b**3 - 2*b**2 + b - 7. Let r be g(-3). Let q = r + -21. Calculate the greatest common divisor of 16 and q.
16
Let z be -4*(-3 + 5/2). Let b be 29 + 0 + z + -3. Suppose -3*g + 86 = -b. Calculate the highest common factor of g and 19.
19
Suppose -247 = -3*r - 175. What is the greatest common divisor of r and 16?
8
Let s be 184 + (6 - 3 - 1 - 4). What is the greatest common divisor of 52 and s?
26
Let b(f) = -f**2 + f + 110. Let x be b(0). Let o = 147 - 125. Calculate the highest common factor of o and x.
22
Let a be ((-15)/5 - 7)/(-2). Let m = 3 - 0. Suppose 0 = 2*l - 4*k - 26, 5*l - m*k = k + 41. Calculate the greatest common factor of l and a.
5
Let g = -32 - -104. What is the greatest common divisor of 80 and g?
8
Suppose d - 3*m = 351, 0 = -79*d + 84*d + m - 1707. Calculate the highest common divisor of d and 38.
38
Suppose 2*f - 18 = 4*j, 5*j - 1 + 17 = -4*f. Let x be 2/j - (-14)/(-4). Let c = x + 7. Calculate the greatest common factor of c and 9.
3
Suppose 2*n = -4*v + 30 + 14, v - 4 = -4*n. What is the greatest common factor of 84 and v?
12
Let q = 2224 + -2118. What is the highest common factor of 4 and q?
2
Suppose 0 = -3*y - 4 - 5. Let z(t) = 3 + t + 10*t**2 + 16*t**2 - 24*t**2. Let f be z(y). What is the highest common divisor of f and 12?
6
Let z(l) = l**3 + 16*l**2 + 64*l + 25. Let a be z(-9). Let n(x) = x + 2. Let w be n(2). What is the highest common factor of w and a?
4
Suppose -i + 4*i - 3*q - 9 = 0, -5*q = 0. Suppose -i*p = 3*r - 15, 3*r + 28 = 4*p - r. What is the greatest common divisor of p and 6?
6
Suppose 4*f - 105 = 219. C